emainder when t is divided by 13.
11
Let z(j) = 2*j**3 - j - 2. Let o = 2867 - 2835. What is the remainder when o is divided by z(2)?
8
Suppose -o + 5*d + 76 = 100, 5*o = -4*d + 54. Suppose 0 = -2*u + 6. Suppose -u*m + 0*m = -9. Calculate the remainder when o is divided by m.
0
Suppose 0 = -9*q + 7*q + 380. Calculate the remainder when q is divided by 16.
14
Let d(x) = x**2 - 7*x - 8. Let q be d(10). What is the remainder when 4/q - (-4438)/154 is divided by 16?
13
Calculate the remainder when (18/(-12))/(2628/(-872) - -3) is divided by 39.
31
Let l(c) = -c**3 + 6*c**2 + 2*c - 7. Let y be l(6). Suppose -y*f - 15 = -35. Suppose -8*b + 68 = -f*b. What is the remainder when 50 is divided by b?
16
Suppose 5*r - 14 + 84 = 0. Calculate the remainder when 20 is divided by (36/r)/(9/(-42)).
8
Let u(k) = -55*k - 227. Calculate the remainder when u(-11) is divided by 55.
48
Let p(b) = -7*b - 18. Suppose 3*q = -5*o + 8, -q - 5*o + 0 + 16 = 0. Calculate the remainder when 24 is divided by p(q).
4
What is the remainder when 139 is divided by (-41 + (-4)/8*-8)*-1?
28
Suppose 28 = 5*t - 5*h - 2, -4*h + 57 = 5*t. Let v(y) = 2*y**2 + 3*y - 1. Calculate the remainder when v(4) is divided by t.
7
Suppose 29*q = 23*q + 96. What is the remainder when 93 is divided by q?
13
Suppose 4*k = -0*j - 2*j + 244, 0 = -j + 4*k + 92. Calculate the remainder when j is divided by 31.
19
Let v(w) = -w**3 - 4*w**2 - 4*w + 7. Let z(k) = k**3 + 5*k**2 + 5*k - 7. Let g(a) = 4*v(a) + 3*z(a). Calculate the remainder when 12 is divided by g(0).
5
Suppose 3 + 1 = z. Suppose -2*v + v = z*k - 35, 25 = 5*k + 5*v. What is the remainder when 28 is divided by k?
8
Suppose -18*k = -17*k - 2. Let s(f) = 16*f**2 + 1. Calculate the remainder when s(-2) is divided by (-176)/(-8)*(k - 1).
21
Suppose 2*w - 12 = -5*s + 143, 3*s = -4*w + 303. Let z(h) = -121*h + 402. What is the remainder when w is divided by z(3)?
36
Let k(w) be the third derivative of -7*w**2 + 0 + 0*w - 5/24*w**4 - 1/120*w**6 + 7/60*w**5 + w**3. What is the remainder when 69 is divided by k(6)?
9
Calculate the remainder when 4/(-14) - 3299/(-7) is divided by 159.
153
Let x = -158 + 179. Calculate the remainder when x is divided by 3.
0
Suppose -36 - 224 = -10*u. What is the remainder when 74 is divided by u?
22
Let l = -29 + 40. Suppose 22*q - 17*q = 10. Calculate the remainder when q + 22/1 - 4 is divided by l.
9
Let y(k) = -2*k + 34. Let h = 116 - 37. Let i = h + -53. What is the remainder when i is divided by y(10)?
12
Let j(x) be the third derivative of x**5/30 + 5*x**4/24 + x**3/6 - 7*x**2. Let k(t) = t**2 - 2*t - 1. What is the remainder when j(4) is divided by k(5)?
11
Suppose 8*s + 3 = -285. Let t = s - -39. What is the remainder when 20 is divided by t?
2
Suppose 2*k = -2*n - 3*n + 283, -k = -5*n + 271. Suppose -n = -3*a + 47. Let r(l) = 5*l**2 - 8*l + 1. Calculate the remainder when r(6) is divided by a.
31
Suppose -71 = -4*i - 7. Let x = i - 7. Let n(g) = -139*g - 831. Calculate the remainder when x is divided by n(-6).
0
Let c(z) = z**3 + 12*z**2 - 14*z - 8. Let i be c(-13). Suppose -45 = -i*f + 230. What is the remainder when f is divided by 29?
26
Let f be -2 - 1*(2 - 5). Suppose 5*o - 3*o = -4, 3*i + f = 4*o. What is the remainder when i*38/(-3)*1 is divided by 20?
18
Let n(c) = 6*c - 2. Let s(b) = b. Let v(x) = n(x) - 5*s(x). Let i(m) = -24*m - 33. What is the remainder when i(-2) is divided by v(8)?
3
Suppose 3*a + 17*a - 940 = 0. What is the remainder when a is divided by 16?
15
Let l(g) = 3*g**2 - 3*g - 1. What is the remainder when 113 is divided by l(4)?
8
Suppose -2*b = -3*n + 6, -4*b + n = 6 + 16. Let t be -10*5/(50/b). Suppose -4*o - 38 = -t*o. Calculate the remainder when o is divided by 5.
4
Let x(l) = -6*l - 29. Let f be x(-6). Suppose -f*z + 244 - 62 = 0. Calculate the remainder when z is divided by 14.
12
Let j be (-12)/(-1)*-14*(-3)/(-24). What is the remainder when 171 is divided by (-897)/j - (-4)/14?
42
Calculate the remainder when 74 is divided by -5 - (-41 - 6) - 3*-1.
29
Calculate the remainder when 0 + (2 - 0) - -18 is divided by 6.
2
Let g(w) = -17*w - 6. Suppose 151 + 59 = 30*v. What is the remainder when g(-4) is divided by v?
6
What is the remainder when 733 is divided by ((-82)/(-7))/((-11)/(-385)*5)?
77
Let t = 204 + -145. What is the remainder when t is divided by 10?
9
Suppose 7*q - 2*q - 175 = 0. Suppose -q = -4*x + 9. Let y = x - 7. Calculate the remainder when y is divided by 3.
1
Suppose 4*v + 2*y = 5 + 5, 0 = -5*v + 2*y + 8. Suppose -2*r + 12 + v = 0. Suppose -r = -2*l + 29. What is the remainder when 35 is divided by l?
17
Suppose 4*z - 371 = 149. Let f = 137 - z. Calculate the remainder when 8 is divided by f.
1
Let o(v) = -v**2 - 3*v + 18. Let i be o(-9). Let r(y) = 6*y + 13. Let b be r(9). Let x = i + b. What is the remainder when 61 is divided by x?
30
Let h(p) = 2*p + 3. Let z(m) = 2*m + 3. Let v(x) = -4*h(x) + 6*z(x). Let j = 40 + -24. Calculate the remainder when v(14) is divided by j.
14
Let o(m) = m**2 + 7*m. Let n(a) = -a**3 + 3*a**2 - 4*a + 2. Let z be n(3). Let t be o(z). Let d = t - 25. Calculate the remainder when d is divided by 4.
1
Suppose 4*q = 5*h + 15, -3*q = -0*q - 5*h - 15. Let d = q + 3. What is the remainder when (-2)/(-12) - 69/(-18) is divided by d?
1
Suppose -46*b + 32*b = -1498. Calculate the remainder when b is divided by 19.
12
Suppose 658 = 33*t - 3005. What is the remainder when t is divided by 81?
30
Suppose 6*b - 3*b + 11 = 4*h, 5*b = -3*h + 30. Suppose -s = -5*d + 275, 4*d = 5*d - b*s - 69. Calculate the remainder when d is divided by 28.
26
Let z be ((-3)/((-36)/8))/((-1)/(-6)). Suppose z*o = 17 + 7. Calculate the remainder when 35 is divided by o.
5
Let x(z) be the first derivative of 29*z**2/2 - z + 2. Calculate the remainder when 53 is divided by x(1).
25
Calculate the remainder when 446 is divided by (50/(-6) - -1)*(-42)/28.
6
Suppose 3*u + 2*u - 590 = 0. Suppose 12 = -4*v + 108. Calculate the remainder when u is divided by v.
22
Suppose -3*c = -6 - 6. Calculate the remainder when (2 - (-213)/9) + c/12 is divided by 14.
12
Let h = 27 + -29. Calculate the remainder when 20 is divided by (3/h)/(27/(-198)).
9
Suppose 5*q - 45 = c, -4*q + c + 0*c + 37 = 0. What is the remainder when 41 is divided by q?
1
Let g be (-35)/(340/(-112) - -3). What is the remainder when (2/2)/(5*7/g) is divided by 8?
4
Suppose 0 = 40*t - 44*t + 56. What is the remainder when 36/(-162) - (-1138)/18 is divided by t?
7
Let u(i) = -i - 42. Let h be u(-23). Let f = h - -34. Suppose 3*m + 276 = 5*p, p - m - 33 - 21 = 0. What is the remainder when p is divided by f?
12
Let c = -368 - -1125. Calculate the remainder when c is divided by 33.
31
Let l(z) = -z + 1. Let h(q) = -2*q - 3. Let u(j) = -h(j) - 6*l(j). Suppose 34 = 3*r + 13. What is the remainder when u(r) is divided by 14?
11
Suppose -17*j - 116 = -320. Calculate the remainder when 563 is divided by j.
11
Suppose -4*f = -9*f - 15. Calculate the remainder when 28 is divided by (10/(-8))/(f/24).
8
Suppose 3*p - 6 + 27 = 3*h, 5*p + 3*h = -3. Let m be (10/4 - p)*12. Calculate the remainder when m/10 + 2/5 is divided by 4.
3
Let s = 1337 - 1248. What is the remainder when 1331 is divided by s?
85
Let g(o) = -o**2 + 10*o + 16. Let j be g(11). Suppose -4*y = -4, -n + 279 = 3*n - j*y. What is the remainder when n is divided by 15?
11
Let b(m) = -3*m + 14. Suppose -2*l - 14 = -0*l. What is the remainder when b(l) is divided by 18?
17
Let t(o) = -141*o**3 - 4*o**2 + 3. What is the remainder when 3219 is divided by t(-1)?
139
Let u = -1 - 4. Let j(k) = -k**3 - 4*k**2 + 4*k + 2. What is the remainder when 55 is divided by j(u)?
6
Suppose 40*x = 46*x - 78. Calculate the remainder when 232 is divided by x.
11
Suppose 2*p = 11 + 5. Suppose -30 = 6*z - p*z. What is the remainder when 58 is divided by z?
13
Let l be 1/(10/(-4)) + (-51)/(-15). Suppose 4*i = -l*g + 63, 7 = g + 2*i - 16. What is the remainder when g is divided by 7?
3
Suppose -62*s = -57*s - 25. What is the remainder when ((-24)/15)/(1/s)*-1 is divided by 8?
0
Let k(q) = 6*q + 1. Let i = -144 - -27. Let a = 166 + i. Calculate the remainder when a is divided by k(2).
10
Suppose 0 = -14*d + 1612 - 534. What is the remainder when d is divided by 25?
2
Suppose -2*w = 4*f